{"id":45,"date":"2021-03-10T14:36:05","date_gmt":"2021-03-10T14:36:05","guid":{"rendered":"http:\/\/www.firemniodpady.cz\/?page_id=45"},"modified":"2024-07-11T17:25:07","modified_gmt":"2024-07-11T17:25:07","slug":"leos-zemanek","status":"publish","type":"page","link":"https:\/\/www.firemniodpady.cz\/index.php\/leos-zemanek\/","title":{"rendered":"Leo\u0161 Zem\u00e1nek"},"content":{"rendered":"\n<p>Pro sv\u00e9 klienty nechci b\u00fdt pouze administr\u00e1tor a poradce v odpadov\u00e9m hospod\u00e1\u0159stv\u00ed\/podnikov\u00e9 ekologie. Do t\u00e9to pr\u00e1ce d\u00e1v\u00e1m i kousek sebe a sna\u017e\u00edm se ur\u010dovat sm\u011br nakl\u00e1d\u00e1n\u00ed s odpady ve spole\u010dnostech, pro kter\u00e9 pracujeme. A jak se n\u00e1m to da\u0159\u00ed? sledujte n\u00e1\u0161 blog, r\u00e1di tam sd\u011bl\u00edme \u00fasp\u011bchy i co se nepovedlo nebo na co si d\u00e1t pozor.<\/p>\n\n\n\n<div class=\"wp-block-image is-style-rounded\"><figure class=\"aligncenter size-large is-resized\"><img loading=\"lazy\" decoding=\"async\" src=\"https:\/\/www.firemniodpady.cz\/wp-content\/uploads\/2024\/06\/image.jpeg\" alt=\"\" class=\"wp-image-425\" width=\"150\" height=\"150\" srcset=\"https:\/\/www.firemniodpady.cz\/wp-content\/uploads\/2024\/06\/image.jpeg 150w, https:\/\/www.firemniodpady.cz\/wp-content\/uploads\/2024\/06\/image-100x100.jpeg 100w\" sizes=\"(max-width: 150px) 100vw, 150px\" \/><\/figure><\/div>\n\n\n\n<p><strong>Moje Praxe:<\/strong> Podnikov\u00e9 ekologii se profesn\u011b v\u011bnuji od roku 2006. Od roku 2017 se sna\u017e\u00edm naj\u00edt mo\u017enosti propojen\u00ed ekologie v n\u00e1vaznosti na rozvoj konceptu spole\u010densky odpov\u011bdn\u00e9ho podnik\u00e1n\u00ed. Specializuji se p\u0159ev\u00e1\u017en\u011b na legislativu odpadov\u00e9ho hospod\u00e1\u0159stv\u00ed a mo\u017en\u00e9 nakl\u00e1d\u00e1n\u00ed s odpady. M\u00e9 zku\u0161enosti vych\u00e1z\u00ed hlavn\u011b z pr\u00e1ce odpadov\u00e9ho hospod\u00e1\u0159e u p\u016fvodc\u016f a opr\u00e1vn\u011bn\u00fdch osob. Ze st\u00e1tn\u00edho sektoru uplat\u0148uji zku\u0161enosti z p\u0159ede\u0161l\u00e9 pozice referenta odpadov\u00e9ho hospod\u00e1\u0159stv\u00ed, d\u00edky kter\u00e9 jsem z\u00edskal znalost spr\u00e1vn\u00edho \u0159\u00e1du, p\u0159estupkov\u00e9ho z\u00e1kona,kontroln\u00edho \u0159\u00e1du a dal\u0161\u00edch souvisej\u00edc\u00edch p\u0159edpis\u016f. D\u00edky t\u00e9to pozici jsem mohl poznat dal\u0161\u00ed provozy a jak se p\u0159ed kontrolou st\u00e1tn\u00ed spr\u00e1vy nakl\u00e1d\u00e1 s odpady. \u00da\u010dastnil jsem se developersk\u00fdch projekt\u016f a projekt\u016f i akc\u00ed, kter\u00e9 m\u011bly snahu sn\u00ed\u017eit mno\u017estv\u00ed odpad\u016f. Moje zku\u0161enosti tak\u00e9 vych\u00e1z\u00ed v r\u00e1mci spr\u00e1vy za\u0159\u00edzen\u00ed pro zpracov\u00e1n\u00ed vyslou\u017eil\u00fdch elektroza\u0159\u00edzen\u00ed. Na z\u00e1klad\u011b t\u011bchto zku\u0161enost\u00ed dok\u00e1\u017ei l\u00e9pe porozum\u011bt ekologii podniku a t\u00edm logicky \u0159e\u0161it legislativu i uplat\u0148ovat \u0161etrn\u00e9 techniky p\u0159edch\u00e1zen\u00ed odpad\u016f.<\/p>\n\n\n\n<p>V n\u00e1vaznosti na koncept spole\u010densky odpov\u011bdn\u00e9ho podnik\u00e1n\u00ed se od roku 2023 zab\u00fdv\u00e1m poradenstv\u00edm pro nefinan\u010dn\u00ed reporting ESG a na to navazuj\u00edc\u00ed v\u00fdpo\u010det uhl\u00edkov\u00e9 stopy. V r\u00e1mci t\u011bchto \u010dinnost\u00ed pom\u00e1h\u00e1me dodavatelsk\u00e9mu \u0159et\u011bzci, na kter\u00e9 reportov\u00e1n\u00ed sice prozat\u00edm nepad\u00e1, ale mus\u00ed \u010d\u00e1st dat reportovat odb\u011brateli. <\/p>\n","protected":false},"excerpt":{"rendered":"<p>Pro sv\u00e9 klienty nechci b\u00fdt pouze administr\u00e1tor a poradce v odpadov\u00e9m hospod\u00e1\u0159stv\u00ed\/podnikov\u00e9 ekologie. Do t\u00e9to pr\u00e1ce d\u00e1v\u00e1m i kousek sebe a sna\u017e\u00edm se ur\u010dovat sm\u011br nakl\u00e1d\u00e1n\u00ed s odpady ve spole\u010dnostech, pro kter\u00e9 pracujeme. A jak se n\u00e1m to da\u0159\u00ed? sledujte n\u00e1\u0161 blog, r\u00e1di tam sd\u011bl\u00edme \u00fasp\u011bchy i co se nepovedlo nebo na co si d\u00e1t [&hellip;]<\/p>\n","protected":false},"author":1,"featured_media":424,"parent":0,"menu_order":0,"comment_status":"closed","ping_status":"closed","template":"","meta":{"_monsterinsights_skip_tracking":false,"_monsterinsights_sitenote_active":false,"_monsterinsights_sitenote_note":"","_monsterinsights_sitenote_category":0,"footnotes":""},"class_list":["post-45","page","type-page","status-publish","has-post-thumbnail","hentry"],"_links":{"self":[{"href":"https:\/\/www.firemniodpady.cz\/index.php\/wp-json\/wp\/v2\/pages\/45"}],"collection":[{"href":"https:\/\/www.firemniodpady.cz\/index.php\/wp-json\/wp\/v2\/pages"}],"about":[{"href":"https:\/\/www.firemniodpady.cz\/index.php\/wp-json\/wp\/v2\/types\/page"}],"author":[{"embeddable":true,"href":"https:\/\/www.firemniodpady.cz\/index.php\/wp-json\/wp\/v2\/users\/1"}],"replies":[{"embeddable":true,"href":"https:\/\/www.firemniodpady.cz\/index.php\/wp-json\/wp\/v2\/comments?post=45"}],"version-history":[{"count":8,"href":"https:\/\/www.firemniodpady.cz\/index.php\/wp-json\/wp\/v2\/pages\/45\/revisions"}],"predecessor-version":[{"id":439,"href":"https:\/\/www.firemniodpady.cz\/index.php\/wp-json\/wp\/v2\/pages\/45\/revisions\/439"}],"wp:featuredmedia":[{"embeddable":true,"href":"https:\/\/www.firemniodpady.cz\/index.php\/wp-json\/wp\/v2\/media\/424"}],"wp:attachment":[{"href":"https:\/\/www.firemniodpady.cz\/index.php\/wp-json\/wp\/v2\/media?parent=45"}],"curies":[{"name":"wp","href":"https:\/\/api.w.org\/{rel}","templated":true}]}}

Leoš Zemánek

<p>Pro své klienty nechci být pouze administrátor a poradce v odpadovém hospodářství/podnikové ekologie. Do této práce dávám i kousek sebe a snažím se určovat směr nakládání s odpady ve společnostech, pro které pracujeme. A jak se nám to daří? sledujte náš blog, rádi tam sdělíme úspěchy i co se nepovedlo nebo na co si dát pozor.</p>



<div class="wp-block-image is-style-rounded"><figure class="aligncenter size-large is-resized"><img loading="lazy" decoding="async" src="https://www.firemniodpady.cz/wp-content/uploads/2024/06/image.jpeg" alt="" class="wp-image-425" width="150" height="150" srcset="https://www.firemniodpady.cz/wp-content/uploads/2024/06/image.jpeg 150w, https://www.firemniodpady.cz/wp-content/uploads/2024/06/image-100x100.jpeg 100w" sizes="(max-width: 150px) 100vw, 150px" /></figure></div>



<p><strong>Moje Praxe:</strong> Podnikové ekologii se profesně věnuji od roku 2006. Od roku 2017 se snažím najít možnosti propojení ekologie v návaznosti na rozvoj konceptu společensky odpovědného podnikání. Specializuji se převážně na legislativu odpadového hospodářství a možné nakládání s odpady. Mé zkušenosti vychází hlavně z práce odpadového hospodáře u původců a oprávněných osob. Ze státního sektoru uplatňuji zkušenosti z předešlé pozice referenta odpadového hospodářství, díky které jsem získal znalost správního řádu, přestupkového zákona,kontrolního řádu a dalších souvisejících předpisů. Díky této pozici jsem mohl poznat další provozy a jak se před kontrolou státní správy nakládá s odpady. Účastnil jsem se developerských projektů a projektů i akcí, které měly snahu snížit množství odpadů. Moje zkušenosti také vychází v rámci správy zařízení pro zpracování vysloužilých elektrozařízení. Na základě těchto zkušeností dokáži lépe porozumět ekologii podniku a tím logicky řešit legislativu i uplatňovat šetrné techniky předcházení odpadů.</p>



<p>V návaznosti na koncept společensky odpovědného podnikání se od roku 2023 zabývám poradenstvím pro nefinanční reporting ESG a na to navazující výpočet uhlíkové stopy. V rámci těchto činností pomáháme dodavatelskému řetězci, na které reportování sice prozatím nepadá, ale musí část dat reportovat odběrateli. </p>

<p>Pro své klienty nechci být pouze administrátor a poradce v odpadovém hospodářství/podnikové ekologie. Do této práce dávám i kousek sebe a snažím se určovat směr nakládání s odpady ve společnostech, pro které pracujeme. A jak se nám to daří? sledujte náš blog, rádi tam sdělíme úspěchy i co se nepovedlo nebo na co si dát [&hellip;]</p>
