{"id":38,"date":"2021-03-10T14:28:28","date_gmt":"2021-03-10T14:28:28","guid":{"rendered":"http:\/\/www.firemniodpady.cz\/?page_id=38"},"modified":"2024-07-11T17:22:35","modified_gmt":"2024-07-11T17:22:35","slug":"kontakt","status":"publish","type":"page","link":"https:\/\/www.firemniodpady.cz\/index.php\/kontakt\/","title":{"rendered":"Kontakt"},"content":{"rendered":"\n<p><strong>FIREMN\u00cd ODPADY S.R.O.<\/strong><\/p>\n\n\n\n<div class=\"wp-block-media-text alignwide is-stacked-on-mobile\" style=\"grid-template-columns:26% auto\"><figure class=\"wp-block-media-text__media\"><img loading=\"lazy\" decoding=\"async\" width=\"460\" height=\"768\" src=\"http:\/\/www.firemniodpady.cz\/wp-content\/uploads\/2024\/06\/aea2bf70-b7cc-430a-ab0d-1af35b59afdb-1.jpg\" alt=\"\" class=\"wp-image-424\" srcset=\"https:\/\/www.firemniodpady.cz\/wp-content\/uploads\/2024\/06\/aea2bf70-b7cc-430a-ab0d-1af35b59afdb-1.jpg 460w, https:\/\/www.firemniodpady.cz\/wp-content\/uploads\/2024\/06\/aea2bf70-b7cc-430a-ab0d-1af35b59afdb-1-180x300.jpg 180w\" sizes=\"(max-width: 460px) 100vw, 460px\" \/><\/figure><div class=\"wp-block-media-text__content\">\n<p class=\"has-large-font-size\"><\/p>\n<\/div><\/div>\n\n\n\n<p><a href=\"https:\/\/www.firemniodpady.cz\/index.php\/leos-zemanek\/\">Leo\u0161 Zem\u00e1nek<\/a>, jednatel<\/p>\n\n\n\n<p><strong>T:<\/strong> +420 774 632 003<\/p>\n\n\n\n<p><strong>E:<\/strong> vyridime@firemniodpady.cz<\/p>\n\n\n\n<p><strong>I\u010c:<\/strong> 25310020<\/p>\n\n\n\n<p class=\"has-text-align-center\" style=\"font-size:25px\"><strong>Kde n\u00e1s najdete:<\/strong><\/p>\n\n\n\n<hr class=\"wp-block-separator\"\/>\n\n\n\n<div class=\"wp-block-media-text alignwide is-stacked-on-mobile\" style=\"grid-template-columns:51% auto\"><figure class=\"wp-block-media-text__media\"><img loading=\"lazy\" decoding=\"async\" width=\"961\" height=\"713\" src=\"https:\/\/www.firemniodpady.cz\/wp-content\/uploads\/2021\/05\/Snimek-obrazovky-2021-05-28-v-13.51.15.png\" alt=\"\" class=\"wp-image-206\" srcset=\"https:\/\/www.firemniodpady.cz\/wp-content\/uploads\/2021\/05\/Snimek-obrazovky-2021-05-28-v-13.51.15.png 961w, https:\/\/www.firemniodpady.cz\/wp-content\/uploads\/2021\/05\/Snimek-obrazovky-2021-05-28-v-13.51.15-300x223.png 300w, https:\/\/www.firemniodpady.cz\/wp-content\/uploads\/2021\/05\/Snimek-obrazovky-2021-05-28-v-13.51.15-768x570.png 768w\" sizes=\"(max-width: 961px) 100vw, 961px\" \/><\/figure><div class=\"wp-block-media-text__content\">\n<p class=\"has-medium-font-size\">Adresa:<\/p>\n\n\n\n<p>Sokolsk\u00e1 425, Velk\u00e9 Opatovice<\/p>\n\n\n\n<ul class=\"wp-block-list\"><li>konzultace jsou mo\u017en\u00e9 po p\u0159edchoz\u00ed dohod\u011b<\/li><li>Nej\u010dast\u011bji jsme u klient\u016f v Praze, Liberci, Pardubic\u00edch, Hradci Kr\u00e1lov\u00e9 a Olomouci.<\/li><\/ul>\n\n\n\n<p><\/p>\n<\/div><\/div>\n\n\n\n<p>Pot\u0159ebujete poradit? napi\u0161te n\u00e1m na vyridime@firemnidopady.cz <\/p>\n","protected":false},"excerpt":{"rendered":"<p>FIREMN\u00cd ODPADY S.R.O. Leo\u0161 Zem\u00e1nek, jednatel T: +420 774 632 003 E: vyridime@firemniodpady.cz I\u010c: 25310020 Kde n\u00e1s najdete: Adresa: Sokolsk\u00e1 425, Velk\u00e9 Opatovice konzultace jsou mo\u017en\u00e9 po p\u0159edchoz\u00ed dohod\u011b Nej\u010dast\u011bji jsme u klient\u016f v Praze, Liberci, Pardubic\u00edch, Hradci Kr\u00e1lov\u00e9 a Olomouci. Pot\u0159ebujete poradit? napi\u0161te n\u00e1m na vyridime@firemnidopady.cz<\/p>\n","protected":false},"author":1,"featured_media":0,"parent":0,"menu_order":0,"comment_status":"closed","ping_status":"closed","template":"","meta":{"_monsterinsights_skip_tracking":false,"_monsterinsights_sitenote_active":false,"_monsterinsights_sitenote_note":"","_monsterinsights_sitenote_category":0,"footnotes":""},"class_list":["post-38","page","type-page","status-publish","hentry"],"_links":{"self":[{"href":"https:\/\/www.firemniodpady.cz\/index.php\/wp-json\/wp\/v2\/pages\/38"}],"collection":[{"href":"https:\/\/www.firemniodpady.cz\/index.php\/wp-json\/wp\/v2\/pages"}],"about":[{"href":"https:\/\/www.firemniodpady.cz\/index.php\/wp-json\/wp\/v2\/types\/page"}],"author":[{"embeddable":true,"href":"https:\/\/www.firemniodpady.cz\/index.php\/wp-json\/wp\/v2\/users\/1"}],"replies":[{"embeddable":true,"href":"https:\/\/www.firemniodpady.cz\/index.php\/wp-json\/wp\/v2\/comments?post=38"}],"version-history":[{"count":29,"href":"https:\/\/www.firemniodpady.cz\/index.php\/wp-json\/wp\/v2\/pages\/38\/revisions"}],"predecessor-version":[{"id":438,"href":"https:\/\/www.firemniodpady.cz\/index.php\/wp-json\/wp\/v2\/pages\/38\/revisions\/438"}],"wp:attachment":[{"href":"https:\/\/www.firemniodpady.cz\/index.php\/wp-json\/wp\/v2\/media?parent=38"}],"curies":[{"name":"wp","href":"https:\/\/api.w.org\/{rel}","templated":true}]}}